{"id":126,"date":"2021-08-11T16:14:58","date_gmt":"2021-08-11T16:14:58","guid":{"rendered":"https:\/\/progettoconcittadino.it\/?page_id=126"},"modified":"2021-08-11T19:28:35","modified_gmt":"2021-08-11T19:28:35","slug":"politiche-culturali","status":"publish","type":"page","link":"https:\/\/progettoconcittadino.it\/?page_id=126","title":{"rendered":"Cultura"},"content":{"rendered":"\t\t<div data-elementor-type=\"wp-page\" data-elementor-id=\"126\" class=\"elementor elementor-126\" data-elementor-settings=\"[]\">\n\t\t\t\t\t\t\t<div class=\"elementor-section-wrap\">\n\t\t\t\t\t\t\t<section class=\"elementor-section elementor-top-section elementor-element elementor-element-1584457 elementor-section-boxed elementor-section-height-default elementor-section-height-default\" data-id=\"1584457\" data-element_type=\"section\">\n\t\t\t\t\t\t<div class=\"elementor-container elementor-column-gap-default\">\n\t\t\t\t\t<div class=\"elementor-column elementor-col-100 elementor-top-column elementor-element elementor-element-313a847\" data-id=\"313a847\" data-element_type=\"column\">\n\t\t\t<div class=\"elementor-widget-wrap elementor-element-populated\">\n\t\t\t\t\t\t\t\t<div class=\"elementor-element elementor-element-4aee441 elementor-widget elementor-widget-heading\" data-id=\"4aee441\" data-element_type=\"widget\" data-widget_type=\"heading.default\">\n\t\t\t\t<div class=\"elementor-widget-container\">\n\t\t\t<h2 class=\"elementor-heading-title elementor-size-large\">Cultura<\/h2>\t\t<\/div>\n\t\t\t\t<\/div>\n\t\t\t\t\t<\/div>\n\t\t<\/div>\n\t\t\t\t\t\t\t<\/div>\n\t\t<\/section>\n\t\t\t\t<section class=\"elementor-section elementor-top-section elementor-element elementor-element-9a6ad70 elementor-section-boxed elementor-section-height-default elementor-section-height-default\" data-id=\"9a6ad70\" data-element_type=\"section\">\n\t\t\t\t\t\t<div class=\"elementor-container elementor-column-gap-default\">\n\t\t\t\t\t<div class=\"elementor-column elementor-col-100 elementor-top-column elementor-element elementor-element-de46bb6\" data-id=\"de46bb6\" data-element_type=\"column\">\n\t\t\t<div class=\"elementor-widget-wrap elementor-element-populated\">\n\t\t\t\t\t\t\t\t<div class=\"elementor-element elementor-element-d350440 elementor-widget-divider--view-line elementor-widget elementor-widget-divider\" data-id=\"d350440\" data-element_type=\"widget\" data-widget_type=\"divider.default\">\n\t\t\t\t<div class=\"elementor-widget-container\">\n\t\t\t\t\t<div class=\"elementor-divider\">\n\t\t\t<span class=\"elementor-divider-separator\">\n\t\t\t\t\t\t<\/span>\n\t\t<\/div>\n\t\t\t\t<\/div>\n\t\t\t\t<\/div>\n\t\t\t\t\t<\/div>\n\t\t<\/div>\n\t\t\t\t\t\t\t<\/div>\n\t\t<\/section>\n\t\t\t\t<section class=\"elementor-section elementor-top-section elementor-element elementor-element-5562ad3 elementor-section-boxed elementor-section-height-default elementor-section-height-default\" data-id=\"5562ad3\" data-element_type=\"section\">\n\t\t\t\t\t\t<div class=\"elementor-container elementor-column-gap-default\">\n\t\t\t\t\t<div class=\"elementor-column elementor-col-100 elementor-top-column elementor-element elementor-element-ddd1dd2\" data-id=\"ddd1dd2\" data-element_type=\"column\">\n\t\t\t<div class=\"elementor-widget-wrap elementor-element-populated\">\n\t\t\t\t\t\t\t\t<div class=\"elementor-element elementor-element-a73b8ee elementor-widget elementor-widget-text-editor\" data-id=\"a73b8ee\" data-element_type=\"widget\" data-widget_type=\"text-editor.default\">\n\t\t\t\t<div class=\"elementor-widget-container\">\n\t\t\t\t\t\t\t\t<p>Crediamo che gli obiettivi che un&#8217;Amministrazione desidera raggiungere tramite le politiche culturali debbano essere definiti preliminarmente ad ogni altro ambito di intervento, per l&#8217;ampia ricaduta e le conseguenze virtuose che l&#8217;azione culturale pu\u00f2<br \/>generare nella vita collettiva di una societ\u00e0.<br \/>Una vera politica culturale non pu\u00f2 limitarsi alle azioni intraprese da una Amministrazione in ambito strettamente culturale. Essa deve necessariamente divenire uno strumento capace di affrontare la contemporaneit\u00e0 nella sua complessit\u00e0,<br \/>tenendo conto dei modi di vita, dei diritti, dei sistemi di valori e di tutti gli aspetti spirituali, materiali e intellettuali attraverso cui una societ\u00e0 si manifesta.<\/p><p>Il progetto culturale di Progetto Concittadino e Collettiva* \u00e8 dunque orientato verso una maggiore democrazia culturale e una pi\u00f9 ampia inclusione sociale: la citt\u00e0 che vogliamo deve configurarsi come uno spazio aperto, inclusivo e in grado di consolidare reti con Associazioni cittadine e altre realt\u00e0 territoriali. \u00c8 necessario favorire la partecipazione attiva del maggior numero di persone alla produzione culturale in quanto strumento di crescita ed emancipazione, garantendo una fruizione pi\u00f9 ampia e orizzontale possibile alle attivit\u00e0 proposte sul territorio.<\/p><p>\u00a0<\/p><p>Per fare questo, riteniamo che l&#8217;azione culturale debba essere tesa a sostenere gli attori\u00a0e le istituzioni culturali gi\u00e0 presenti sul territorio, e, allo stesso tempo, a favorire lo\u00a0sviluppo di un nuovo tessuto culturale vivo e autonomo in cui la Pubblica\u00a0Amministrazione accompagni e sostenga l&#8217;imprenditoria culturale. Poich\u00e9\u00a0consideriamo l\u2019azione culturale strumento di crescita personale e collettiva, crediamo\u00a0meritino un&#8217;attenzione specifica gli spazi e i luoghi di creazione e fruizione di cultura\u00a0capaci di intercettare ed accogliere bambini, adolescenti e persone che vivono<br \/>condizioni di fragilit\u00e0 sociale.<\/p><p><br \/>Riteniamo che l&#8217;Assessorato alla Cultura, nella prossima Amministrazione, debba\u00a0pertanto assumere una nuova centralit\u00e0, anche avvalendosi di una figura di raccordo\u00a0tra Assessore, Associazioni e realt\u00e0 cittadine come quella del\/la Sindaco\/a della Notte.<\/p><p>\u00a0<\/p>\t\t\t\t\t\t<\/div>\n\t\t\t\t<\/div>\n\t\t\t\t\t<\/div>\n\t\t<\/div>\n\t\t\t\t\t\t\t<\/div>\n\t\t<\/section>\n\t\t\t\t\t\t<\/div>\n\t\t\t\t\t<\/div>\n\t\t","protected":false},"excerpt":{"rendered":"<p>Cultura Crediamo che gli obiettivi che un&#8217;Amministrazione desidera raggiungere tramite le politiche culturali debbano essere definiti preliminarmente ad ogni altro ambito di intervento, per l&#8217;ampia ricaduta e le conseguenze virtuose che l&#8217;azione culturale pu\u00f2generare nella vita collettiva di una societ\u00e0.Una vera politica culturale non pu\u00f2 limitarsi alle azioni intraprese da una Amministrazione in ambito strettamente&hellip; <a class=\"more-link\" href=\"https:\/\/progettoconcittadino.it\/?page_id=126\">Continua a leggere <span class=\"screen-reader-text\">Cultura<\/span><\/a><\/p>\n","protected":false},"author":1,"featured_media":0,"parent":0,"menu_order":0,"comment_status":"closed","ping_status":"closed","template":"elementor_header_footer","meta":{"footnotes":""},"class_list":["post-126","page","type-page","status-publish","hentry","entry"],"yoast_head":"<!-- This site is optimized with the Yoast SEO plugin v16.9 - https:\/\/yoast.com\/wordpress\/plugins\/seo\/ -->\r\n<title>Cultura - Progetto Concittadino<\/title>\r\n<meta name=\"robots\" content=\"index, follow, max-snippet:-1, max-image-preview:large, max-video-preview:-1\" \/>\r\n<link rel=\"canonical\" href=\"https:\/\/progettoconcittadino.it\/?page_id=126\" \/>\r\n<meta property=\"og:locale\" content=\"it_IT\" \/>\r\n<meta property=\"og:type\" content=\"article\" \/>\r\n<meta property=\"og:title\" content=\"Cultura - Progetto Concittadino\" \/>\r\n<meta property=\"og:description\" content=\"Cultura Crediamo che gli obiettivi che un&#8217;Amministrazione desidera raggiungere tramite le politiche culturali debbano essere definiti preliminarmente ad ogni altro ambito di intervento, per l&#8217;ampia ricaduta e le conseguenze virtuose che l&#8217;azione culturale pu\u00f2generare nella vita collettiva di una societ\u00e0.Una vera politica culturale non pu\u00f2 limitarsi alle azioni intraprese da una Amministrazione in ambito strettamente&hellip; Continua a leggere Cultura\" \/>\r\n<meta property=\"og:url\" content=\"https:\/\/progettoconcittadino.it\/?page_id=126\" \/>\r\n<meta property=\"og:site_name\" content=\"Progetto Concittadino\" \/>\r\n<meta property=\"article:modified_time\" content=\"2021-08-11T19:28:35+00:00\" \/>\r\n<meta name=\"twitter:card\" content=\"summary_large_image\" \/>\r\n<meta name=\"twitter:label1\" content=\"Tempo di lettura stimato\" \/>\n\t<meta name=\"twitter:data1\" content=\"2 minuti\" \/>\r\n<script type=\"application\/ld+json\" class=\"yoast-schema-graph\">{\"@context\":\"https:\/\/schema.org\",\"@graph\":[{\"@type\":\"Organization\",\"@id\":\"https:\/\/progettoconcittadino.it\/#organization\",\"name\":\"progetto concittadino\",\"url\":\"https:\/\/progettoconcittadino.it\/\",\"sameAs\":[],\"logo\":{\"@type\":\"ImageObject\",\"@id\":\"https:\/\/progettoconcittadino.it\/#logo\",\"inLanguage\":\"it-IT\",\"url\":\"https:\/\/progettoconcittadino.it\/wp-content\/uploads\/2021\/08\/200546549_125529756329780_4266939049838858618_n-e1628697656256.jpg\",\"contentUrl\":\"https:\/\/progettoconcittadino.it\/wp-content\/uploads\/2021\/08\/200546549_125529756329780_4266939049838858618_n-e1628697656256.jpg\",\"width\":150,\"height\":150,\"caption\":\"progetto concittadino\"},\"image\":{\"@id\":\"https:\/\/progettoconcittadino.it\/#logo\"}},{\"@type\":\"WebSite\",\"@id\":\"https:\/\/progettoconcittadino.it\/#website\",\"url\":\"https:\/\/progettoconcittadino.it\/\",\"name\":\"Progetto Concittadino\",\"description\":\"\",\"publisher\":{\"@id\":\"https:\/\/progettoconcittadino.it\/#organization\"},\"potentialAction\":[{\"@type\":\"SearchAction\",\"target\":{\"@type\":\"EntryPoint\",\"urlTemplate\":\"https:\/\/progettoconcittadino.it\/?s={search_term_string}\"},\"query-input\":\"required name=search_term_string\"}],\"inLanguage\":\"it-IT\"},{\"@type\":\"WebPage\",\"@id\":\"https:\/\/progettoconcittadino.it\/?page_id=126#webpage\",\"url\":\"https:\/\/progettoconcittadino.it\/?page_id=126\",\"name\":\"Cultura - Progetto Concittadino\",\"isPartOf\":{\"@id\":\"https:\/\/progettoconcittadino.it\/#website\"},\"datePublished\":\"2021-08-11T16:14:58+00:00\",\"dateModified\":\"2021-08-11T19:28:35+00:00\",\"breadcrumb\":{\"@id\":\"https:\/\/progettoconcittadino.it\/?page_id=126#breadcrumb\"},\"inLanguage\":\"it-IT\",\"potentialAction\":[{\"@type\":\"ReadAction\",\"target\":[\"https:\/\/progettoconcittadino.it\/?page_id=126\"]}]},{\"@type\":\"BreadcrumbList\",\"@id\":\"https:\/\/progettoconcittadino.it\/?page_id=126#breadcrumb\",\"itemListElement\":[{\"@type\":\"ListItem\",\"position\":1,\"name\":\"Home\",\"item\":\"https:\/\/progettoconcittadino.it\/\"},{\"@type\":\"ListItem\",\"position\":2,\"name\":\"Cultura\"}]}]}<\/script>\r\n<!-- \/ Yoast SEO plugin. -->","yoast_head_json":{"title":"Cultura - Progetto Concittadino","robots":{"index":"index","follow":"follow","max-snippet":"max-snippet:-1","max-image-preview":"max-image-preview:large","max-video-preview":"max-video-preview:-1"},"canonical":"https:\/\/progettoconcittadino.it\/?page_id=126","og_locale":"it_IT","og_type":"article","og_title":"Cultura - Progetto Concittadino","og_description":"Cultura Crediamo che gli obiettivi che un&#8217;Amministrazione desidera raggiungere tramite le politiche culturali debbano essere definiti preliminarmente ad ogni altro ambito di intervento, per l&#8217;ampia ricaduta e le conseguenze virtuose che l&#8217;azione culturale pu\u00f2generare nella vita collettiva di una societ\u00e0.Una vera politica culturale non pu\u00f2 limitarsi alle azioni intraprese da una Amministrazione in ambito strettamente&hellip; Continua a leggere Cultura","og_url":"https:\/\/progettoconcittadino.it\/?page_id=126","og_site_name":"Progetto Concittadino","article_modified_time":"2021-08-11T19:28:35+00:00","twitter_card":"summary_large_image","twitter_misc":{"Tempo di lettura stimato":"2 minuti"},"schema":{"@context":"https:\/\/schema.org","@graph":[{"@type":"Organization","@id":"https:\/\/progettoconcittadino.it\/#organization","name":"progetto concittadino","url":"https:\/\/progettoconcittadino.it\/","sameAs":[],"logo":{"@type":"ImageObject","@id":"https:\/\/progettoconcittadino.it\/#logo","inLanguage":"it-IT","url":"https:\/\/progettoconcittadino.it\/wp-content\/uploads\/2021\/08\/200546549_125529756329780_4266939049838858618_n-e1628697656256.jpg","contentUrl":"https:\/\/progettoconcittadino.it\/wp-content\/uploads\/2021\/08\/200546549_125529756329780_4266939049838858618_n-e1628697656256.jpg","width":150,"height":150,"caption":"progetto concittadino"},"image":{"@id":"https:\/\/progettoconcittadino.it\/#logo"}},{"@type":"WebSite","@id":"https:\/\/progettoconcittadino.it\/#website","url":"https:\/\/progettoconcittadino.it\/","name":"Progetto Concittadino","description":"","publisher":{"@id":"https:\/\/progettoconcittadino.it\/#organization"},"potentialAction":[{"@type":"SearchAction","target":{"@type":"EntryPoint","urlTemplate":"https:\/\/progettoconcittadino.it\/?s={search_term_string}"},"query-input":"required name=search_term_string"}],"inLanguage":"it-IT"},{"@type":"WebPage","@id":"https:\/\/progettoconcittadino.it\/?page_id=126#webpage","url":"https:\/\/progettoconcittadino.it\/?page_id=126","name":"Cultura - Progetto Concittadino","isPartOf":{"@id":"https:\/\/progettoconcittadino.it\/#website"},"datePublished":"2021-08-11T16:14:58+00:00","dateModified":"2021-08-11T19:28:35+00:00","breadcrumb":{"@id":"https:\/\/progettoconcittadino.it\/?page_id=126#breadcrumb"},"inLanguage":"it-IT","potentialAction":[{"@type":"ReadAction","target":["https:\/\/progettoconcittadino.it\/?page_id=126"]}]},{"@type":"BreadcrumbList","@id":"https:\/\/progettoconcittadino.it\/?page_id=126#breadcrumb","itemListElement":[{"@type":"ListItem","position":1,"name":"Home","item":"https:\/\/progettoconcittadino.it\/"},{"@type":"ListItem","position":2,"name":"Cultura"}]}]}},"_links":{"self":[{"href":"https:\/\/progettoconcittadino.it\/index.php?rest_route=\/wp\/v2\/pages\/126","targetHints":{"allow":["GET"]}}],"collection":[{"href":"https:\/\/progettoconcittadino.it\/index.php?rest_route=\/wp\/v2\/pages"}],"about":[{"href":"https:\/\/progettoconcittadino.it\/index.php?rest_route=\/wp\/v2\/types\/page"}],"author":[{"embeddable":true,"href":"https:\/\/progettoconcittadino.it\/index.php?rest_route=\/wp\/v2\/users\/1"}],"replies":[{"embeddable":true,"href":"https:\/\/progettoconcittadino.it\/index.php?rest_route=%2Fwp%2Fv2%2Fcomments&post=126"}],"version-history":[{"count":15,"href":"https:\/\/progettoconcittadino.it\/index.php?rest_route=\/wp\/v2\/pages\/126\/revisions"}],"predecessor-version":[{"id":149,"href":"https:\/\/progettoconcittadino.it\/index.php?rest_route=\/wp\/v2\/pages\/126\/revisions\/149"}],"wp:attachment":[{"href":"https:\/\/progettoconcittadino.it\/index.php?rest_route=%2Fwp%2Fv2%2Fmedia&parent=126"}],"curies":[{"name":"wp","href":"https:\/\/api.w.org\/{rel}","templated":true}]}}

<div data-elementor-type="wp-page" data-elementor-id="126" class="elementor elementor-126" data-elementor-settings="[]">
							<div class="elementor-section-wrap">
							<section class="elementor-section elementor-top-section elementor-element elementor-element-1584457 elementor-section-boxed elementor-section-height-default elementor-section-height-default" data-id="1584457" data-element_type="section">
						<div class="elementor-container elementor-column-gap-default">
					<div class="elementor-column elementor-col-100 elementor-top-column elementor-element elementor-element-313a847" data-id="313a847" data-element_type="column">
			<div class="elementor-widget-wrap elementor-element-populated">
								<div class="elementor-element elementor-element-4aee441 elementor-widget elementor-widget-heading" data-id="4aee441" data-element_type="widget" data-widget_type="heading.default">
				<div class="elementor-widget-container">
			<h2 class="elementor-heading-title elementor-size-large">Cultura</h2>		</div>
				</div>
					</div>
		</div>
							</div>
		</section>
				<section class="elementor-section elementor-top-section elementor-element elementor-element-9a6ad70 elementor-section-boxed elementor-section-height-default elementor-section-height-default" data-id="9a6ad70" data-element_type="section">
						<div class="elementor-container elementor-column-gap-default">
					<div class="elementor-column elementor-col-100 elementor-top-column elementor-element elementor-element-de46bb6" data-id="de46bb6" data-element_type="column">
			<div class="elementor-widget-wrap elementor-element-populated">
								<div class="elementor-element elementor-element-d350440 elementor-widget-divider--view-line elementor-widget elementor-widget-divider" data-id="d350440" data-element_type="widget" data-widget_type="divider.default">
				<div class="elementor-widget-container">
					<div class="elementor-divider">
			<span class="elementor-divider-separator">
						</span>
		</div>
				</div>
				</div>
					</div>
		</div>
							</div>
		</section>
				<section class="elementor-section elementor-top-section elementor-element elementor-element-5562ad3 elementor-section-boxed elementor-section-height-default elementor-section-height-default" data-id="5562ad3" data-element_type="section">
						<div class="elementor-container elementor-column-gap-default">
					<div class="elementor-column elementor-col-100 elementor-top-column elementor-element elementor-element-ddd1dd2" data-id="ddd1dd2" data-element_type="column">
			<div class="elementor-widget-wrap elementor-element-populated">
								<div class="elementor-element elementor-element-a73b8ee elementor-widget elementor-widget-text-editor" data-id="a73b8ee" data-element_type="widget" data-widget_type="text-editor.default">
				<div class="elementor-widget-container">
								<p>Crediamo che gli obiettivi che un&#8217;Amministrazione desidera raggiungere tramite le politiche culturali debbano essere definiti preliminarmente ad ogni altro ambito di intervento, per l&#8217;ampia ricaduta e le conseguenze virtuose che l&#8217;azione culturale può<br />generare nella vita collettiva di una società.<br />Una vera politica culturale non può limitarsi alle azioni intraprese da una Amministrazione in ambito strettamente culturale. Essa deve necessariamente divenire uno strumento capace di affrontare la contemporaneità nella sua complessità,<br />tenendo conto dei modi di vita, dei diritti, dei sistemi di valori e di tutti gli aspetti spirituali, materiali e intellettuali attraverso cui una società si manifesta.</p><p>Il progetto culturale di Progetto Concittadino e Collettiva* è dunque orientato verso una maggiore democrazia culturale e una più ampia inclusione sociale: la città che vogliamo deve configurarsi come uno spazio aperto, inclusivo e in grado di consolidare reti con Associazioni cittadine e altre realtà territoriali. È necessario favorire la partecipazione attiva del maggior numero di persone alla produzione culturale in quanto strumento di crescita ed emancipazione, garantendo una fruizione più ampia e orizzontale possibile alle attività proposte sul territorio.</p><p> </p><p>Per fare questo, riteniamo che l&#8217;azione culturale debba essere tesa a sostenere gli attori e le istituzioni culturali già presenti sul territorio, e, allo stesso tempo, a favorire lo sviluppo di un nuovo tessuto culturale vivo e autonomo in cui la Pubblica Amministrazione accompagni e sostenga l&#8217;imprenditoria culturale. Poiché consideriamo l’azione culturale strumento di crescita personale e collettiva, crediamo meritino un&#8217;attenzione specifica gli spazi e i luoghi di creazione e fruizione di cultura capaci di intercettare ed accogliere bambini, adolescenti e persone che vivono<br />condizioni di fragilità sociale.</p><p><br />Riteniamo che l&#8217;Assessorato alla Cultura, nella prossima Amministrazione, debba pertanto assumere una nuova centralità, anche avvalendosi di una figura di raccordo tra Assessore, Associazioni e realtà cittadine come quella del/la Sindaco/a della Notte.</p><p> </p>						</div>
				</div>
					</div>
		</div>
							</div>
		</section>
						</div>
					</div>

<p>Cultura Crediamo che gli obiettivi che un&#8217;Amministrazione desidera raggiungere tramite le politiche culturali debbano essere definiti preliminarmente ad ogni altro ambito di intervento, per l&#8217;ampia ricaduta e le conseguenze virtuose che l&#8217;azione culturale puògenerare nella vita collettiva di una società.Una vera politica culturale non può limitarsi alle azioni intraprese da una Amministrazione in ambito strettamente&hellip; <a class="more-link" href="https://progettoconcittadino.it/?page_id=126">Continua a leggere <span class="screen-reader-text">Cultura</span></a></p>

<!-- This site is optimized with the Yoast SEO plugin v16.9 - https://yoast.com/wordpress/plugins/seo/ -->
<title>Cultura - Progetto Concittadino</title>
<meta name="robots" content="index, follow, max-snippet:-1, max-image-preview:large, max-video-preview:-1" />
<link rel="canonical" href="https://progettoconcittadino.it/?page_id=126" />
<meta property="og:locale" content="it_IT" />
<meta property="og:type" content="article" />
<meta property="og:title" content="Cultura - Progetto Concittadino" />
<meta property="og:description" content="Cultura Crediamo che gli obiettivi che un&#8217;Amministrazione desidera raggiungere tramite le politiche culturali debbano essere definiti preliminarmente ad ogni altro ambito di intervento, per l&#8217;ampia ricaduta e le conseguenze virtuose che l&#8217;azione culturale puògenerare nella vita collettiva di una società.Una vera politica culturale non può limitarsi alle azioni intraprese da una Amministrazione in ambito strettamente&hellip; Continua a leggere Cultura" />
<meta property="og:url" content="https://progettoconcittadino.it/?page_id=126" />
<meta property="og:site_name" content="Progetto Concittadino" />
<meta property="article:modified_time" content="2021-08-11T19:28:35+00:00" />
<meta name="twitter:card" content="summary_large_image" />
<meta name="twitter:label1" content="Tempo di lettura stimato" />
	<meta name="twitter:data1" content="2 minuti" />
<script type="application/ld+json" class="yoast-schema-graph">{"@context":"https://schema.org","@graph":[{"@type":"Organization","@id":"https://progettoconcittadino.it/#organization","name":"progetto concittadino","url":"https://progettoconcittadino.it/","sameAs":[],"logo":{"@type":"ImageObject","@id":"https://progettoconcittadino.it/#logo","inLanguage":"it-IT","url":"https://progettoconcittadino.it/wp-content/uploads/2021/08/200546549_125529756329780_4266939049838858618_n-e1628697656256.jpg","contentUrl":"https://progettoconcittadino.it/wp-content/uploads/2021/08/200546549_125529756329780_4266939049838858618_n-e1628697656256.jpg","width":150,"height":150,"caption":"progetto concittadino"},"image":{"@id":"https://progettoconcittadino.it/#logo"}},{"@type":"WebSite","@id":"https://progettoconcittadino.it/#website","url":"https://progettoconcittadino.it/","name":"Progetto Concittadino","description":"","publisher":{"@id":"https://progettoconcittadino.it/#organization"},"potentialAction":[{"@type":"SearchAction","target":{"@type":"EntryPoint","urlTemplate":"https://progettoconcittadino.it/?s={search_term_string}"},"query-input":"required name=search_term_string"}],"inLanguage":"it-IT"},{"@type":"WebPage","@id":"https://progettoconcittadino.it/?page_id=126#webpage","url":"https://progettoconcittadino.it/?page_id=126","name":"Cultura - Progetto Concittadino","isPartOf":{"@id":"https://progettoconcittadino.it/#website"},"datePublished":"2021-08-11T16:14:58+00:00","dateModified":"2021-08-11T19:28:35+00:00","breadcrumb":{"@id":"https://progettoconcittadino.it/?page_id=126#breadcrumb"},"inLanguage":"it-IT","potentialAction":[{"@type":"ReadAction","target":["https://progettoconcittadino.it/?page_id=126"]}]},{"@type":"BreadcrumbList","@id":"https://progettoconcittadino.it/?page_id=126#breadcrumb","itemListElement":[{"@type":"ListItem","position":1,"name":"Home","item":"https://progettoconcittadino.it/"},{"@type":"ListItem","position":2,"name":"Cultura"}]}]}</script>
<!-- / Yoast SEO plugin. -->

Cultura Crediamo che gli obiettivi che un&#8217;Amministrazione desidera raggiungere tramite le politiche culturali debbano essere definiti preliminarmente ad ogni altro ambito di intervento, per l&#8217;ampia ricaduta e le conseguenze virtuose che l&#8217;azione culturale puògenerare nella vita collettiva di una società.Una vera politica culturale non può limitarsi alle azioni intraprese da una Amministrazione in ambito strettamente&hellip; Continua a leggere Cultura
